{"id":919,"date":"2025-03-10T22:27:21","date_gmt":"2025-03-10T22:27:21","guid":{"rendered":"https:\/\/www.gonzalezbueno.com\/?page_id=919"},"modified":"2025-04-11T17:44:58","modified_gmt":"2025-04-11T17:44:58","slug":"pablo-gonzalez-bueno","status":"publish","type":"page","link":"https:\/\/www.gonzalezbueno.com\/?page_id=919","title":{"rendered":"Pablo Gonz\u00e1lez-Bueno"},"content":{"rendered":"\n<figure class=\"wp-block-image alignfull size-full\"><img loading=\"lazy\" decoding=\"async\" width=\"977\" height=\"215\" src=\"https:\/\/www.gonzalezbueno.com\/wp-content\/uploads\/2021\/12\/pablo.jpeg\" alt=\"\" class=\"wp-image-179\" srcset=\"https:\/\/www.gonzalezbueno.com\/wp-content\/uploads\/2021\/12\/pablo.jpeg 977w, https:\/\/www.gonzalezbueno.com\/wp-content\/uploads\/2021\/12\/pablo-300x66.jpeg 300w, https:\/\/www.gonzalezbueno.com\/wp-content\/uploads\/2021\/12\/pablo-768x169.jpeg 768w, https:\/\/www.gonzalezbueno.com\/wp-content\/uploads\/2021\/12\/pablo-700x154.jpeg 700w, https:\/\/www.gonzalezbueno.com\/wp-content\/uploads\/2021\/12\/pablo-520x114.jpeg 520w, https:\/\/www.gonzalezbueno.com\/wp-content\/uploads\/2021\/12\/pablo-360x79.jpeg 360w, https:\/\/www.gonzalezbueno.com\/wp-content\/uploads\/2021\/12\/pablo-250x55.jpeg 250w, https:\/\/www.gonzalezbueno.com\/wp-content\/uploads\/2021\/12\/pablo-100x22.jpeg 100w\" sizes=\"auto, (max-width: 977px) 100vw, 977px\" \/><\/figure>\n\n\n\n<div class=\"wp-block-group alignwide\"><div class=\"wp-block-group__inner-container is-layout-flow wp-block-group-is-layout-flow\">\n<div class=\"wp-block-columns is-layout-flex wp-container-core-columns-is-layout-9d6595d7 wp-block-columns-is-layout-flex\">\n<div class=\"wp-block-column is-vertically-aligned-center is-layout-flow wp-block-column-is-layout-flow\" style=\"flex-basis:200px\">\n<div class=\"wp-block-image\"><figure class=\"aligncenter size-full is-resized\"><a href=\"https:\/\/chambers.com\/lawyer\/pablo-gonzalez-bueno-global-2:684515\" target=\"_blank\" rel=\"noopener\"><img loading=\"lazy\" decoding=\"async\" src=\"https:\/\/www.gonzalezbueno.com\/wp-content\/uploads\/2025\/04\/Most-In-Demand-Arbitrators-2025.png\" alt=\"\" class=\"wp-image-311\" width=\"149\" height=\"92\"><\/a><figcaption><a href=\"https:\/\/www.lexology.com\/firms\/1327338\/pablo_gonz_lez_bueno\" target=\"_blank\" rel=\"noopener\"><img decoding=\"async\" src=\"https:\/\/www.gonzalezbueno.com\/wp-content\/uploads\/2025\/04\/lexology.png\" alt=\"\"><\/a><br><\/figcaption><\/figure><\/div>\n\n\n\n<hr class=\"wp-block-separator has-css-opacity alignwide\"\/>\n\n\n\n<div class=\"socios-contact-block\">\n\t\t<i class=\"fa fa-envelope\"><\/i>\n\t\t\n<\/div>\n<div class=\"socios-contact-block\">\n\t\t<span><a href=\"mailto:pgb@gonzalezbueno.com\">pgb@gonzalezbueno.com<\/a><\/span>\n\t\t\n<\/div>\n<\/div>\n\n\n\n<div class=\"wp-block-column is-layout-flow wp-block-column-is-layout-flow\">\n<p><p align=\"justify\">Advogado inscrito na Ordem dos Advogados de Madrid desde 1987, Mestre em Direito Comunit\u00e1rio pelo Col\u00e9gio da Europa (Bruges) em 1988 e LL.M. pela Universidade de Michigan em 1990.<\/p><\/p>\n\n\n\n<p><p align=\"justify\">Trabalhou nos escrit\u00f3rios de Madrid, Barcelona e Nova York da Ur\u00eda Men\u00e9ndez (1990 \u2013 1995). Foi s\u00f3cio da Elzaburu (1995 \u2013 2006), onde foi respons\u00e1vel pelo registo, prote\u00e7\u00e3o e defesa de algumas das marcas de maior renome mundial, tanto perante os Organismos P\u00fablicos (OEPM e EUIPO) quanto perante os Tribunais de Justi\u00e7a espanh\u00f3is e da UE.<\/p><\/p>\n\n\n\n<p><p align=\"justify\">O Who\u2019s Who Legal o reconhece como um \u201cL\u00edder Global\u201d em \u201cPI \u2013 Marcas\u201d e como um \u201cL\u00edder Nacional\u201d em \u201cMarcas\u201d. Foi inclu\u00eddo no diret\u00f3rio da Chambers &#038; Partners.<\/p><\/p>\n\n\n\n<p><p align=\"justify\">Trabalha habitualmente em espanhol, ingl\u00eas, alem\u00e3o e franc\u00eas.<\/p><\/p>\n<\/div>\n<\/div>\n<\/div><\/div>\n\n\n\n<p><\/p>\n\n","protected":false},"excerpt":{"rendered":"<p>pgb@gonzalezbueno.com Advogado inscrito na Ordem dos Advogados de Madrid desde 1987, Mestre em Direito Comunit\u00e1rio pelo Col\u00e9gio da Europa (Bruges) em 1988 e LL.M. pela Universidade de Michigan em 1990. Trabalhou nos escrit\u00f3rios de Madrid, Barcelona e Nova York da [&hellip;]<\/p>\n","protected":false},"author":1,"featured_media":0,"parent":0,"menu_order":0,"comment_status":"closed","ping_status":"closed","template":"page-templates\/page_fullwidth.php","meta":{"footnotes":""},"class_list":["post-919","page","type-page","status-publish","hentry","clearfix"],"_links":{"self":[{"href":"https:\/\/www.gonzalezbueno.com\/index.php?rest_route=\/wp\/v2\/pages\/919","targetHints":{"allow":["GET"]}}],"collection":[{"href":"https:\/\/www.gonzalezbueno.com\/index.php?rest_route=\/wp\/v2\/pages"}],"about":[{"href":"https:\/\/www.gonzalezbueno.com\/index.php?rest_route=\/wp\/v2\/types\/page"}],"author":[{"embeddable":true,"href":"https:\/\/www.gonzalezbueno.com\/index.php?rest_route=\/wp\/v2\/users\/1"}],"replies":[{"embeddable":true,"href":"https:\/\/www.gonzalezbueno.com\/index.php?rest_route=%2Fwp%2Fv2%2Fcomments&post=919"}],"version-history":[{"count":3,"href":"https:\/\/www.gonzalezbueno.com\/index.php?rest_route=\/wp\/v2\/pages\/919\/revisions"}],"predecessor-version":[{"id":993,"href":"https:\/\/www.gonzalezbueno.com\/index.php?rest_route=\/wp\/v2\/pages\/919\/revisions\/993"}],"wp:attachment":[{"href":"https:\/\/www.gonzalezbueno.com\/index.php?rest_route=%2Fwp%2Fv2%2Fmedia&parent=919"}],"curies":[{"name":"wp","href":"https:\/\/api.w.org\/{rel}","templated":true}]}}

Pablo González-Bueno

<figure class="wp-block-image alignfull size-full"><img loading="lazy" decoding="async" width="977" height="215" src="https://www.gonzalezbueno.com/wp-content/uploads/2021/12/pablo.jpeg" alt="" class="wp-image-179" srcset="https://www.gonzalezbueno.com/wp-content/uploads/2021/12/pablo.jpeg 977w, https://www.gonzalezbueno.com/wp-content/uploads/2021/12/pablo-300x66.jpeg 300w, https://www.gonzalezbueno.com/wp-content/uploads/2021/12/pablo-768x169.jpeg 768w, https://www.gonzalezbueno.com/wp-content/uploads/2021/12/pablo-700x154.jpeg 700w, https://www.gonzalezbueno.com/wp-content/uploads/2021/12/pablo-520x114.jpeg 520w, https://www.gonzalezbueno.com/wp-content/uploads/2021/12/pablo-360x79.jpeg 360w, https://www.gonzalezbueno.com/wp-content/uploads/2021/12/pablo-250x55.jpeg 250w, https://www.gonzalezbueno.com/wp-content/uploads/2021/12/pablo-100x22.jpeg 100w" sizes="auto, (max-width: 977px) 100vw, 977px" /></figure>



<div class="wp-block-group alignwide"><div class="wp-block-group__inner-container is-layout-flow wp-block-group-is-layout-flow">
<div class="wp-block-columns is-layout-flex wp-container-core-columns-is-layout-9d6595d7 wp-block-columns-is-layout-flex">
<div class="wp-block-column is-vertically-aligned-center is-layout-flow wp-block-column-is-layout-flow" style="flex-basis:200px">
<div class="wp-block-image"><figure class="aligncenter size-full is-resized"><a href="https://chambers.com/lawyer/pablo-gonzalez-bueno-global-2:684515" target="_blank" rel="noopener"><img loading="lazy" decoding="async" src="https://www.gonzalezbueno.com/wp-content/uploads/2025/04/Most-In-Demand-Arbitrators-2025.png" alt="" class="wp-image-311" width="149" height="92"></a><figcaption><a href="https://www.lexology.com/firms/1327338/pablo_gonz_lez_bueno" target="_blank" rel="noopener"><img decoding="async" src="https://www.gonzalezbueno.com/wp-content/uploads/2025/04/lexology.png" alt=""></a><br></figcaption></figure></div>



<hr class="wp-block-separator has-css-opacity alignwide"/>



<div class="socios-contact-block">
		<i class="fa fa-envelope"></i>
		
</div>
<div class="socios-contact-block">
		<span><a href="mailto:pgb@gonzalezbueno.com">pgb@gonzalezbueno.com</a></span>
		
</div>
</div>



<div class="wp-block-column is-layout-flow wp-block-column-is-layout-flow">
<p><p align="justify">Advogado inscrito na Ordem dos Advogados de Madrid desde 1987, Mestre em Direito Comunitário pelo Colégio da Europa (Bruges) em 1988 e LL.M. pela Universidade de Michigan em 1990.</p></p>



<p><p align="justify">Trabalhou nos escritórios de Madrid, Barcelona e Nova York da Uría Menéndez (1990 – 1995). Foi sócio da Elzaburu (1995 – 2006), onde foi responsável pelo registo, proteção e defesa de algumas das marcas de maior renome mundial, tanto perante os Organismos Públicos (OEPM e EUIPO) quanto perante os Tribunais de Justiça espanhóis e da UE.</p></p>



<p><p align="justify">O Who’s Who Legal o reconhece como um “Líder Global” em “PI – Marcas” e como um “Líder Nacional” em “Marcas”. Foi incluído no diretório da Chambers &#038; Partners.</p></p>



<p><p align="justify">Trabalha habitualmente em espanhol, inglês, alemão e francês.</p></p>
</div>
</div>
</div></div>



<p></p>

<p>pgb@gonzalezbueno.com Advogado inscrito na Ordem dos Advogados de Madrid desde 1987, Mestre em Direito Comunitário pelo Colégio da Europa (Bruges) em 1988 e LL.M. pela Universidade de Michigan em 1990. Trabalhou nos escritórios de Madrid, Barcelona e Nova York da [&hellip;]</p>
