{"id":720,"date":"2022-01-08T12:53:01","date_gmt":"2022-01-08T12:53:01","guid":{"rendered":"https:\/\/www.gonzalezbueno.com\/new-web\/?page_id=720"},"modified":"2022-01-08T12:53:01","modified_gmt":"2022-01-08T12:53:01","slug":"propiedad-intelectual-2","status":"publish","type":"page","link":"https:\/\/www.gonzalezbueno.com\/?page_id=720","title":{"rendered":"Propiedad Intelectual"},"content":{"rendered":"\n<figure class=\"wp-block-image alignfull size-full\"><img loading=\"lazy\" decoding=\"async\" width=\"977\" height=\"215\" src=\"https:\/\/www.gonzalezbueno.com\/wp-content\/uploads\/2021\/12\/propiedad-intelectual.jpeg\" alt=\"\" class=\"wp-image-120\" srcset=\"https:\/\/www.gonzalezbueno.com\/wp-content\/uploads\/2021\/12\/propiedad-intelectual.jpeg 977w, https:\/\/www.gonzalezbueno.com\/wp-content\/uploads\/2021\/12\/propiedad-intelectual-300x66.jpeg 300w, https:\/\/www.gonzalezbueno.com\/wp-content\/uploads\/2021\/12\/propiedad-intelectual-768x169.jpeg 768w, https:\/\/www.gonzalezbueno.com\/wp-content\/uploads\/2021\/12\/propiedad-intelectual-700x154.jpeg 700w, https:\/\/www.gonzalezbueno.com\/wp-content\/uploads\/2021\/12\/propiedad-intelectual-520x114.jpeg 520w, https:\/\/www.gonzalezbueno.com\/wp-content\/uploads\/2021\/12\/propiedad-intelectual-360x79.jpeg 360w, https:\/\/www.gonzalezbueno.com\/wp-content\/uploads\/2021\/12\/propiedad-intelectual-250x55.jpeg 250w, https:\/\/www.gonzalezbueno.com\/wp-content\/uploads\/2021\/12\/propiedad-intelectual-100x22.jpeg 100w\" sizes=\"auto, (max-width: 977px) 100vw, 977px\" \/><\/figure>\n\n\n\n<p align=\"justify\">La Firma cuenta con un equipo de especialistas altamente capacitados para ofrecer una amplia gama de servicios en el \u00e1mbito de la Propiedad Intelectual, no s\u00f3lo en el plano contractual sino tambi\u00e9n en el \u00e1mbito contencioso.<\/p>\n\n\n\n<p align=\"justify\">Su grupo de profesionales ha tenido la oportunidad de asesorar tanto a particulares como a empresas nacionales e internacionales, entre ellas productoras de radio y televisi\u00f3n, editoriales, compa\u00f1\u00edas de publicidad y compa\u00f1\u00edas de producci\u00f3n de espect\u00e1culos, velando siempre por la mejor protecci\u00f3n de sus derechos.<\/p>\n\n\n\n<p align=\"justify\">La pr\u00e1ctica procesal pone de manifiesto la estrecha relaci\u00f3n que existe entre los derechos de propiedad intelectual, los de propiedad industrial y las normas de competencia desleal. El hecho de estar especializada la Firma en estas tres \u00e1reas del Derecho, nos permite tener una visi\u00f3n global de las problem\u00e1ticas y ofrecer a nuestros clientes un asesoramiento integral.<\/p>\n","protected":false},"excerpt":{"rendered":"<p>La Firma cuenta con un equipo de especialistas altamente capacitados para ofrecer una amplia gama de servicios en el \u00e1mbito de la Propiedad Intelectual, no s\u00f3lo en el plano contractual sino tambi\u00e9n en el \u00e1mbito contencioso. Su grupo de profesionales [&hellip;]<\/p>\n","protected":false},"author":1,"featured_media":0,"parent":0,"menu_order":0,"comment_status":"closed","ping_status":"closed","template":"page-templates\/page_fullwidth.php","meta":{"footnotes":""},"class_list":["post-720","page","type-page","status-publish","hentry","clearfix"],"_links":{"self":[{"href":"https:\/\/www.gonzalezbueno.com\/index.php?rest_route=\/wp\/v2\/pages\/720","targetHints":{"allow":["GET"]}}],"collection":[{"href":"https:\/\/www.gonzalezbueno.com\/index.php?rest_route=\/wp\/v2\/pages"}],"about":[{"href":"https:\/\/www.gonzalezbueno.com\/index.php?rest_route=\/wp\/v2\/types\/page"}],"author":[{"embeddable":true,"href":"https:\/\/www.gonzalezbueno.com\/index.php?rest_route=\/wp\/v2\/users\/1"}],"replies":[{"embeddable":true,"href":"https:\/\/www.gonzalezbueno.com\/index.php?rest_route=%2Fwp%2Fv2%2Fcomments&post=720"}],"version-history":[{"count":1,"href":"https:\/\/www.gonzalezbueno.com\/index.php?rest_route=\/wp\/v2\/pages\/720\/revisions"}],"predecessor-version":[{"id":721,"href":"https:\/\/www.gonzalezbueno.com\/index.php?rest_route=\/wp\/v2\/pages\/720\/revisions\/721"}],"wp:attachment":[{"href":"https:\/\/www.gonzalezbueno.com\/index.php?rest_route=%2Fwp%2Fv2%2Fmedia&parent=720"}],"curies":[{"name":"wp","href":"https:\/\/api.w.org\/{rel}","templated":true}]}}