{"id":676,"date":"2022-01-08T12:18:10","date_gmt":"2022-01-08T12:18:10","guid":{"rendered":"https:\/\/www.gonzalezbueno.com\/new-web\/?page_id=676"},"modified":"2022-01-08T12:18:10","modified_gmt":"2022-01-08T12:18:10","slug":"contentieux-arbitrage","status":"publish","type":"page","link":"https:\/\/www.gonzalezbueno.com\/?page_id=676","title":{"rendered":"Contentieux &#8211; arbitrage"},"content":{"rendered":"\n<figure class=\"wp-block-image alignfull size-full\"><img loading=\"lazy\" decoding=\"async\" width=\"977\" height=\"215\" src=\"https:\/\/www.gonzalezbueno.com\/wp-content\/uploads\/2021\/12\/procesal.jpeg\" alt=\"\" class=\"wp-image-127\" srcset=\"https:\/\/www.gonzalezbueno.com\/wp-content\/uploads\/2021\/12\/procesal.jpeg 977w, https:\/\/www.gonzalezbueno.com\/wp-content\/uploads\/2021\/12\/procesal-300x66.jpeg 300w, https:\/\/www.gonzalezbueno.com\/wp-content\/uploads\/2021\/12\/procesal-768x169.jpeg 768w, https:\/\/www.gonzalezbueno.com\/wp-content\/uploads\/2021\/12\/procesal-700x154.jpeg 700w, https:\/\/www.gonzalezbueno.com\/wp-content\/uploads\/2021\/12\/procesal-520x114.jpeg 520w, https:\/\/www.gonzalezbueno.com\/wp-content\/uploads\/2021\/12\/procesal-360x79.jpeg 360w, https:\/\/www.gonzalezbueno.com\/wp-content\/uploads\/2021\/12\/procesal-250x55.jpeg 250w, https:\/\/www.gonzalezbueno.com\/wp-content\/uploads\/2021\/12\/procesal-100x22.jpeg 100w\" sizes=\"auto, (max-width: 977px) 100vw, 977px\" \/><\/figure>\n\n\n\n<p align=\"justify\">La pratique proc\u00e9durale et arbitrale du cabinet Gonz\u00e1lez-Bueno SLP se base sur une intense activit\u00e9 pr\u00e9ventive. Dans la mesure des possibilit\u00e9s, nous sugg\u00e9rons toujours de rechercher des solutions transactionnelles permettant d\u2019\u00e9viter ou de d\u00e9limiter les controverses.<\/p>\n\n\n\n<p align=\"justify\">Nous sommes \u00e9galement tr\u00e8s pr\u00e9sents dans le domaine de l\u2019arbitrage, o\u00f9 notre d\u00e9partement sp\u00e9cialis\u00e9 accumule une exp\u00e9rience approfondie dans de nombreux dossiers d\u2019arbitrages (nationaux et internationaux, pr\u00e9sent\u00e9s en espagnol ou dans d\u2019autres langues, par-devant des Cours espagnoles ou internationales.). En particulier, nous intervenons en tant que repr\u00e9sentants de nos clients aussi bien dans des proc\u00e8s d\u2019arbitrage commerciaux que de proc\u00e8s d\u2019investissements, toujours sous la protection des Accords de Promotion et Protection des Investissements. Ceci est possible puisque un des associ\u00e9s du bureau, Carlos Gonz\u00e1lez-Bueno, est membre de nombreuses courts d\u2019arbitrage nationales et internationales.<\/p>\n","protected":false},"excerpt":{"rendered":"<p>La pratique proc\u00e9durale et arbitrale du cabinet Gonz\u00e1lez-Bueno SLP se base sur une intense activit\u00e9 pr\u00e9ventive. Dans la mesure des possibilit\u00e9s, nous sugg\u00e9rons toujours de rechercher des solutions transactionnelles permettant d\u2019\u00e9viter ou de d\u00e9limiter les controverses. Nous sommes \u00e9galement tr\u00e8s [&hellip;]<\/p>\n","protected":false},"author":1,"featured_media":0,"parent":0,"menu_order":0,"comment_status":"closed","ping_status":"closed","template":"page-templates\/page_fullwidth.php","meta":{"footnotes":""},"class_list":["post-676","page","type-page","status-publish","hentry","clearfix"],"_links":{"self":[{"href":"https:\/\/www.gonzalezbueno.com\/index.php?rest_route=\/wp\/v2\/pages\/676","targetHints":{"allow":["GET"]}}],"collection":[{"href":"https:\/\/www.gonzalezbueno.com\/index.php?rest_route=\/wp\/v2\/pages"}],"about":[{"href":"https:\/\/www.gonzalezbueno.com\/index.php?rest_route=\/wp\/v2\/types\/page"}],"author":[{"embeddable":true,"href":"https:\/\/www.gonzalezbueno.com\/index.php?rest_route=\/wp\/v2\/users\/1"}],"replies":[{"embeddable":true,"href":"https:\/\/www.gonzalezbueno.com\/index.php?rest_route=%2Fwp%2Fv2%2Fcomments&post=676"}],"version-history":[{"count":1,"href":"https:\/\/www.gonzalezbueno.com\/index.php?rest_route=\/wp\/v2\/pages\/676\/revisions"}],"predecessor-version":[{"id":677,"href":"https:\/\/www.gonzalezbueno.com\/index.php?rest_route=\/wp\/v2\/pages\/676\/revisions\/677"}],"wp:attachment":[{"href":"https:\/\/www.gonzalezbueno.com\/index.php?rest_route=%2Fwp%2Fv2%2Fmedia&parent=676"}],"curies":[{"name":"wp","href":"https:\/\/api.w.org\/{rel}","templated":true}]}}