{"id":633,"date":"2022-01-08T11:42:43","date_gmt":"2022-01-08T11:42:43","guid":{"rendered":"https:\/\/www.gonzalezbueno.com\/new-web\/?page_id=633"},"modified":"2022-01-08T11:42:43","modified_gmt":"2022-01-08T11:42:43","slug":"geistiges-eigentum","status":"publish","type":"page","link":"https:\/\/www.gonzalezbueno.com\/?page_id=633","title":{"rendered":"Geistiges eigentum"},"content":{"rendered":"\n<figure class=\"wp-block-image alignfull size-full\"><img loading=\"lazy\" decoding=\"async\" width=\"977\" height=\"215\" src=\"https:\/\/www.gonzalezbueno.com\/wp-content\/uploads\/2021\/12\/propiedad-intelectual.jpeg\" alt=\"\" class=\"wp-image-120\" srcset=\"https:\/\/www.gonzalezbueno.com\/wp-content\/uploads\/2021\/12\/propiedad-intelectual.jpeg 977w, https:\/\/www.gonzalezbueno.com\/wp-content\/uploads\/2021\/12\/propiedad-intelectual-300x66.jpeg 300w, https:\/\/www.gonzalezbueno.com\/wp-content\/uploads\/2021\/12\/propiedad-intelectual-768x169.jpeg 768w, https:\/\/www.gonzalezbueno.com\/wp-content\/uploads\/2021\/12\/propiedad-intelectual-700x154.jpeg 700w, https:\/\/www.gonzalezbueno.com\/wp-content\/uploads\/2021\/12\/propiedad-intelectual-520x114.jpeg 520w, https:\/\/www.gonzalezbueno.com\/wp-content\/uploads\/2021\/12\/propiedad-intelectual-360x79.jpeg 360w, https:\/\/www.gonzalezbueno.com\/wp-content\/uploads\/2021\/12\/propiedad-intelectual-250x55.jpeg 250w, https:\/\/www.gonzalezbueno.com\/wp-content\/uploads\/2021\/12\/propiedad-intelectual-100x22.jpeg 100w\" sizes=\"auto, (max-width: 977px) 100vw, 977px\" \/><\/figure>\n\n\n\n<p align=\"justify\">Unser Team von hochqualifizierten Fachanw\u00e4lten bietet unseren Mandanten eine weitreichende Palette von Dienstleistungen im Bereich des geistigen Eigentums, und zwar sowohl im Zusammenhang mit dem Abschluss von Vertr\u00e4gen mit anderen Firmen als auch bei Meinungsverschiedenheiten \u00fcber bestehende Vertr\u00e4ge.<\/p>\n\n\n\n<p align=\"justify\">Im Rahmen ihrer langj\u00e4hrigen T\u00e4tigkeit haben unsere Anw\u00e4lte zahlreiche Privatpersonen sowie nationale und internationale Unternehmen beraten, darunter Radio- und Fernsehproduktionsgesellschaften, Verlage, Werbeagenturen und Event-Produktionsgesellschaften, mit dem vorrangigen Ziel, deren Rechte so gut wie m\u00f6glich zu wahren und zu verteidigen.<\/p>\n\n\n\n<p align=\"justify\">Unsere umfangreiche Prozesspraxis hat uns gezeigt, wie eng die Rechte des geistigen Eigentums, die gewerblichen Schutzrechte und die Bestimmungen \u00fcber den unlauteren Wettbewerb miteinander verwoben sind. Die Spezialisierung der Kanzlei auf eben diese drei Rechtsgebiete vermittelt uns eine globale Vision der Problematik und erm\u00f6glicht es uns, unseren Mandanten eine umfassende und ganzheitliche Beratungsleistung zu erbringen.<\/p>\n","protected":false},"excerpt":{"rendered":"<p>Unser Team von hochqualifizierten Fachanw\u00e4lten bietet unseren Mandanten eine weitreichende Palette von Dienstleistungen im Bereich des geistigen Eigentums, und zwar sowohl im Zusammenhang mit dem Abschluss von Vertr\u00e4gen mit anderen Firmen als auch bei Meinungsverschiedenheiten \u00fcber bestehende Vertr\u00e4ge. Im Rahmen [&hellip;]<\/p>\n","protected":false},"author":1,"featured_media":0,"parent":0,"menu_order":0,"comment_status":"closed","ping_status":"closed","template":"page-templates\/page_fullwidth.php","meta":{"footnotes":""},"class_list":["post-633","page","type-page","status-publish","hentry","clearfix"],"_links":{"self":[{"href":"https:\/\/www.gonzalezbueno.com\/index.php?rest_route=\/wp\/v2\/pages\/633","targetHints":{"allow":["GET"]}}],"collection":[{"href":"https:\/\/www.gonzalezbueno.com\/index.php?rest_route=\/wp\/v2\/pages"}],"about":[{"href":"https:\/\/www.gonzalezbueno.com\/index.php?rest_route=\/wp\/v2\/types\/page"}],"author":[{"embeddable":true,"href":"https:\/\/www.gonzalezbueno.com\/index.php?rest_route=\/wp\/v2\/users\/1"}],"replies":[{"embeddable":true,"href":"https:\/\/www.gonzalezbueno.com\/index.php?rest_route=%2Fwp%2Fv2%2Fcomments&post=633"}],"version-history":[{"count":1,"href":"https:\/\/www.gonzalezbueno.com\/index.php?rest_route=\/wp\/v2\/pages\/633\/revisions"}],"predecessor-version":[{"id":636,"href":"https:\/\/www.gonzalezbueno.com\/index.php?rest_route=\/wp\/v2\/pages\/633\/revisions\/636"}],"wp:attachment":[{"href":"https:\/\/www.gonzalezbueno.com\/index.php?rest_route=%2Fwp%2Fv2%2Fmedia&parent=633"}],"curies":[{"name":"wp","href":"https:\/\/api.w.org\/{rel}","templated":true}]}}