{"id":37,"date":"2021-12-21T13:42:05","date_gmt":"2021-12-21T13:42:05","guid":{"rendered":"https:\/\/www.gonzalezbueno.com\/new-web\/?page_id=37"},"modified":"2022-01-07T11:31:14","modified_gmt":"2022-01-07T11:31:14","slug":"quienes-somos","status":"publish","type":"page","link":"https:\/\/www.gonzalezbueno.com\/?page_id=37","title":{"rendered":"Qui\u00e9nes somos"},"content":{"rendered":"\n<figure class=\"wp-block-image alignfull size-full\"><img loading=\"lazy\" decoding=\"async\" width=\"977\" height=\"215\" src=\"https:\/\/www.gonzalezbueno.com\/wp-content\/uploads\/2021\/12\/quienesSomos.jpeg\" alt=\"\" class=\"wp-image-39\" srcset=\"https:\/\/www.gonzalezbueno.com\/wp-content\/uploads\/2021\/12\/quienesSomos.jpeg 977w, https:\/\/www.gonzalezbueno.com\/wp-content\/uploads\/2021\/12\/quienesSomos-300x66.jpeg 300w, https:\/\/www.gonzalezbueno.com\/wp-content\/uploads\/2021\/12\/quienesSomos-768x169.jpeg 768w\" sizes=\"auto, (max-width: 977px) 100vw, 977px\" \/><\/figure>\n\n\n\n<p align=\"justify\">Gonz\u00e1lez-Bueno SLP es una Firma fundada para ofrecer un asesoramiento basado en la excelencia y sumamente especializado en sus concretas \u00e1reas de pr\u00e1ctica.<\/p>\n\n<p align=\"justify\">Los derechos y conflictos de los clientes se gestionan bajo la supervisi\u00f3n directa e inmediata de un socio, lo que nos permite ofrecer una relaci\u00f3n muy personal y un asesoramiento absolutamente individualizado.<\/p>\n\n\n\n<p align=\"justify\">El mayor activo de Gonz\u00e1lez-Bueno SLP es la experiencia acumulada por sus socios, tanto en el ejercicio de la abogac\u00eda, como en el desempe\u00f1o de cargos p\u00fablicos.<\/p>\n\n\n\n<p align=\"justify\">Nuestros clientes son medianas y grandes empresas pertenecientes a un amplio abanico de sectores. La mayor\u00eda son extranjeros, lo que hace que trabajemos indistintamente en espa\u00f1ol, alem\u00e1n, ingl\u00e9s y franc\u00e9s.<\/p>\n\n","protected":false},"excerpt":{"rendered":"<p>Gonz\u00e1lez-Bueno SLP es una Firma fundada para ofrecer un asesoramiento basado en la excelencia y sumamente especializado en sus concretas \u00e1reas de pr\u00e1ctica. Los derechos y conflictos de los clientes se gestionan bajo la supervisi\u00f3n directa e inmediata de un [&hellip;]<\/p>\n","protected":false},"author":1,"featured_media":0,"parent":0,"menu_order":0,"comment_status":"closed","ping_status":"closed","template":"page-templates\/page_fullwidth.php","meta":{"footnotes":""},"class_list":["post-37","page","type-page","status-publish","hentry","clearfix"],"_links":{"self":[{"href":"https:\/\/www.gonzalezbueno.com\/index.php?rest_route=\/wp\/v2\/pages\/37","targetHints":{"allow":["GET"]}}],"collection":[{"href":"https:\/\/www.gonzalezbueno.com\/index.php?rest_route=\/wp\/v2\/pages"}],"about":[{"href":"https:\/\/www.gonzalezbueno.com\/index.php?rest_route=\/wp\/v2\/types\/page"}],"author":[{"embeddable":true,"href":"https:\/\/www.gonzalezbueno.com\/index.php?rest_route=\/wp\/v2\/users\/1"}],"replies":[{"embeddable":true,"href":"https:\/\/www.gonzalezbueno.com\/index.php?rest_route=%2Fwp%2Fv2%2Fcomments&post=37"}],"version-history":[{"count":7,"href":"https:\/\/www.gonzalezbueno.com\/index.php?rest_route=\/wp\/v2\/pages\/37\/revisions"}],"predecessor-version":[{"id":577,"href":"https:\/\/www.gonzalezbueno.com\/index.php?rest_route=\/wp\/v2\/pages\/37\/revisions\/577"}],"wp:attachment":[{"href":"https:\/\/www.gonzalezbueno.com\/index.php?rest_route=%2Fwp%2Fv2%2Fmedia&parent=37"}],"curies":[{"name":"wp","href":"https:\/\/api.w.org\/{rel}","templated":true}]}}